 -3*l + 1. Let f(j) = -j**l - 2*j - 3*j + j - 13 + 7. Calculate f(-4).
-6
Let h(k) = k - 6. Suppose -3*y = 2*n - 0*y - 22, -5*y = -n - 15. Suppose -15 = -n*g + 25. Determine h(g).
2
Let y(q) = q + 1. Let p = -269 + 274. What is y(p)?
6
Let t(m) = -30*m + 7*m + 3 + 7*m + 11*m. Calculate t(2).
-7
Let y(j) = 2*j + 17. Let b = 320 + -328. What is y(b)?
1
Suppose -3*k + 4*o = -4*k - 26, k + o + 17 = 0. Let l = k - -11. Let d(q) = 2*q**2 + 4*q. Calculate d(l).
6
Let h(s) = -25*s + 1. Let q(l) = l**2 - 16*l + 29. Let g be q(14). Give h(g).
-24
Suppose y + 3*y - 6 = -f, -3*f + 3 = -3*y. Let m be (0 + y)*(-2 - -3). Let a = 0 + m. Let w(d) = 6*d + 1. Give w(a).
7
Let t(w) = 7*w**2 + 10*w + 9. Let g(l) = 9*l**2 + 11*l + 10. Let u(h) = 4*g(h) - 5*t(h). Calculate u(6).
-5
Let s(u) = -2*u**2 - 23*u - 31. Let d be s(-10). Let x(p) = -p - 1. Give x(d).
0
Let d(c) be the third derivative of c**7/2520 + c**6/45 + 7*c**5/20 - c**2. Let v(z) be the third derivative of d(z). Give v(-11).
-6
Let w = -58 + 84. Let x(z) = 7*z**2 - w*z + 22*z + z**3 + 11*z + 4. Determine x(-6).
-2
Let c = -11683 - -11682. Let o = 0 - -2. Let g(x) = 0*x - 2*x + o*x**2 + 3*x + 12*x**3. Calculate g(c).
-11
Let z(b) = -5. Let x(m) = -1. Let g(h) = 4*x(h) - z(h). Let d(t) = t**2 + 6*t + 9. Let q(u) = -d(u) + 3*g(u). Give q(-5).
-1
Let t be 1/(27/6 - 4). Let p(c) = c + t*c - 5*c + c. Give p(1).
-1
Let x be 24*(10/(-3) - -4). Suppose 2*h = -x + 20. Let f(r) = -2*r**3 - r**2 + r + 1. Give f(h).
-17
Let f(d) = -d**2 - 8*d - 5. Let w(b) = 5*b + 4. Let v be w(-2). What is f(v)?
7
Let x be 6/5*(-1 + (-13)/(-3)). Let f(p) be the first derivative of x*p + 2 - 1/2*p**2. Calculate f(3).
1
Let w = 3 + -3. Let s be (w + 0)/(-1 + 3). Let b(v) = -v**2 + s - 4 + 2*v + 2*v**2. Determine b(-3).
-1
Suppose 0*c - 4*c + 20 = 2*j, 4*c + 8 = 0. Suppose -j*r = 20 + 8. Let s(t) = 4*t**2 + 2*t + 1. Give s(r).
13
Let s be 6/(-33) - (-26)/22. Suppose -29 = 5*l + s. Let b(j) = -4*j - 9. Give b(l).
15
Let u(i) = -i - 2. Let h be 20/25*15/6. Suppose 0 = 3*m - 3*a + 2*a - 11, -h*m = -3*a - 5. Let r(w) = w**3 - 6*w**2 + 5*w + 5. Let q be r(m). Give u(q).
5
Let u = 319 - 311. Let c(j) = 5*j - 42. What is c(u)?
-2
Let z(o) be the third derivative of o**6/120 - 4*o**5/15 - 2*o**4/3 - 25*o**3/6 + 4*o**2 - 41*o. Calculate z(17).
-8
Let d(c) be the second derivative of c**4/6 - 5*c**3/6 - 2*c**2 - 19*c - 1. What is d(4)?
8
Let d(r) be the first derivative of -r**5/60 - r**4/24 + 7*r**3/6 + 7*r**2 - 34. Let a(s) be the second derivative of d(s). Calculate a(-5).
-13
Suppose -15 = 4*f + 1. Let u(t) be the first derivative of 3*t**2/2 + 6*t - 5. Determine u(f).
-6
Let r(x) = -x**2 + 2*x - 10. Let g(t) = 2*t**2 - 3*t + 22. Let f(i) = 6*g(i) + 13*r(i). Give f(6).
14
Let f(t) = t**3 - 17*t**2 + 29*t + 19. Let n be f(15). Let s(b) = 2*b + 5*b + 5*b - n*b - 2. Give s(2).
14
Let u(p) = -6*p + 2*p + 8*p - 3 - 5*p. What is u(-1)?
-2
Let a(v) = -3*v + 6*v**2 + 2*v + 2*v - 5*v**2 - 2*v**2. Let d = -5 - -7. Calculate a(d).
-2
Let b be (-16)/(-6) + (70/(-15) - -4). Let x(v) = 3*v**3 + 1. Give x(b).
25
Let y(j) = 8*j - 1 + 14*j + 6*j - 22*j. Calculate y(5).
29
Let u(b) = -2*b**2 - 19. Let t(w) = 3*w**2 + 37. Let y(q) = -3*t(q) - 5*u(q). Let o(p) = p**2 - 15. Let n(z) = 3*o(z) - 2*y(z). Give n(0).
-13
Let h(p) = p**2 - 4*p - 3. Let i be 3 + 1 + -2 + 6. Suppose 0 = 10*o + i*o - 72. What is h(o)?
-3
Let s(m) be the first derivative of m + 1/3*m**3 - 8 - 5/2*m**2. What is s(3)?
-5
Let r(k) = k**2 - 11*k + 25. Suppose -q + 10 = 2*l, 4*l + 17*q = 13*q + 20. Determine r(l).
-5
Let d(r) be the second derivative of -1/6*r**4 - 4*r + 0 - 5/2*r**2 + r**3. Let w(a) = a**2 - 3*a + 3. Let u(h) = -4*d(h) - 7*w(h). Give u(3).
-1
Suppose 4*r - 4*v = 32 - 4, -3*r + 15 = 3*v. Let w be -1*2 + -2 + r. Let o = -4 + w. Let x(a) = -2*a - 3. Give x(o).
1
Suppose 137 = 22*s + 49. Let v(y) = 5*y - 10. Give v(s).
10
Let s(t) = -2*t**2 + 13*t - 1. Suppose -2*g + 5*x - 1 = 0, -2*g - 3*x = 3*g - 44. Let z be s(g). Let u(r) = r + 6. What is u(z)?
-2
Let p(k) be the second derivative of -k**3/6 - 3*k**2 - k. Suppose -f - 2*f + 15 = 0, 4*f - 20 = 2*v. Determine p(v).
-6
Let o(l) = -15*l**2 - 5*l + 20. Let v(d) = -7*d**2 - 2*d + 10. Let h(a) = -6*o(a) + 13*v(a). Let s be h(6). Let u(w) = -w. Give u(s).
2
Let z(o) be the second derivative of -o**4/12 - o**3/2 + o**2/2 - 2*o. Let i be ((-280)/12)/7 - 3/(-9). Calculate z(i).
1
Let m(p) be the second derivative of 7*p**3/6 + 109*p. Determine m(-1).
-7
Let w(s) = -3461*s**2 + 3462*s**2 + 50*s - 18*s + 55. What is w(-30)?
-5
Let f(g) be the first derivative of g**2/2 + 8*g - 19. Suppose 3 = -5*q - 37. Give f(q).
0
Let z(v) = -10*v**2 + 10 + v**2 - 129*v**3 - 2*v + 62*v**3 + 68*v**3. Give z(9).
-8
Suppose -6*f + f - 2*a = -54, 2*a - 30 = -3*f. Suppose -f = y + 5*y. Let j(d) = -5*d + 1. Determine j(y).
11
Let n(z) = -31*z**3 + 11*z**2 - 13*z. Let b(p) = -15*p**3 + 5*p**2 - 6*p. Let q(w) = 13*b(w) - 6*n(w). Suppose 5*a - 4*r - r = 15, -r - 4 = 0. Determine q(a).
8
Let y be (-19)/6 + (-74)/(-444). Let c(t) = 2*t + 11. Give c(y).
5
Let z(m) = -3*m**3 - 8*m**2 - 3*m + 3. Let q(x) = x**3 + 4*x**2 + 2*x - 1. Let w(l) = -5*q(l) - 2*z(l). Calculate w(5).
4
Let o(h) = 4*h. Let f(x) = 10*x - 19. Let q(b) = f(b) - 3*o(b). Calculate q(-11).
3
Let g(n) = -6*n**3 - 2*n**2 + n. Let k(a) = -a**2 - 11*a - 7. Let p be k(-10). Suppose -p = 4*w - 7. Give g(w).
-7
Let r(h) = 68*h - h**2 - 86*h + h**3 + 19*h. What is r(1)?
1
Let x(d) be the third derivative of 3*d**4/8 - d**2 - 31*d. Determine x(-4).
-36
Let r(m) = -3*m - 23. Let w = 15 + -22. Let z be r(w). Let b(x) = x**3 + x**2 + 2*x - 1. Calculate b(z).
-9
Let z(t) = -4*t**2 - 30*t - 4*t**2 + 7*t**2 - 6 + 24*t. Let d = -9 + 14. Suppose 0 = 2*r - 5*w + 35, 4*w = 3*w + d. What is z(r)?
-1
Let i(x) = 13*x - 17. Let q(t) = -6*t + 8. Let c(o) = -4*i(o) - 9*q(o). Suppose 3*u + 9 - 12 = 0, -3*u + 33 = -5*j. Calculate c(j).
-16
Let a(n) = 5*n + 16. Suppose 2*y = -5*g - 12, -17*y + 11 = -3*g - 22*y. Calculate a(g).
6
Let h(m) = -367*m**3 + 731*m**3 - 2 - 2*m + 7*m**2 + 9*m - 363*m**3. What is h(-6)?
-8
Let s be 406/(-174)*12/14. Let d(y) = -7*y**3 + 2*y**2. Calculate d(s).
64
Let d = 2 + -3. Let a = -8 - -8. Let g(j) = 4 + a - 4 + 3*j. Determine g(d).
-3
Let b(a) = -6*a + 3 - 9*a + 0*a**3 + 2*a - a**3 - 2*a**2 + 15*a. Let z(i) = -i**3 - 8*i**2 - i - 11. Let d be z(-8). Give b(d).
6
Let l = -137 - -195. Let j(r) = -108 + 52 + 4*r**2 - 2*r**2 - 4*r + l. Determine j(2).
2
Let w(s) be the second derivative of 0*s**4 + 0 + 1/6*s**3 - 9*s - 4*s**2 - 1/60*s**5. Let j(c) be the first derivative of w(c). What is j(-1)?
0
Let b(m) = m**2 - 6*m + 5. Let d(g) = -g**3 + 5*g**2 + 5. Let x be d(5). Suppose -2*k + 0*k + 5 = z, 0 = -z - x. Suppose -5*c - k + 25 = 0. What is b(c)?
-3
Suppose -3*q + 4*j + 9 = 0, -2*q + 3*j - 2*j + 11 = 0. Let l(t) = t**2 - 5*t - 10. Let i be l(q). Let g(h) = -h**3 + 4*h**2 - 2*h + 3. Determine g(i).
-5
Let u(k) = -2*k**3 - 14*k**2 + 5*k + 3. Let r(w) = w**3 + 7*w**2 - 2*w. Let t(x) = 7*r(x) + 3*u(x). Calculate t(-7).
2
Let c(l) be the second derivative of -2*l**3/3 - 11*l**2/2 + 189*l. Give c(-4).
5
Let w = 22 + -34. Let x = w - -7. Let h(o) = -o**3 - 6*o**2 - 6*o. What is h(x)?
5
Let v(l) = 11*l**3 + 3*l + 2. Let b be 3*36/27 + -5. Determine v(b).
-12
Let m = 21 - 18. Suppose -44*d = -41*d + m. Let o(n) = -22*n**2 + n + 1. Give o(d).
-22
Let k(d) = -d**2 + 78*d - 6 - 42*d - 42*d. What is k(-3)?
3
Let a(w) be the third derivative of w**6/120 - w**5/20 + w**4/6 - w**3/6 - 6*w**2. Let p be (1 - -3)*165/(-1540)*-7. What is a(p)?
11
Let o(n) be the third derivative of -11*n**4/24 - n**3/2 + 248*n**2 - n. Give o(-4).
41
Let k = -18 + 16. Let t(v) = 9*v**3 + 7*v**2 + 3*v - 1. Let p(x) = 4*x**3 + 3*x**2 + x. Let q(m) = -5*p(m) + 2*t(m). What is q(k)?
8
Let t(p) = -28*p**2 - 3 + 18*p - 18 - 21*p**2 + 48*p**2 - 7. What is t(16)?
4
Let y(o) = o**3 - o**2. Let j(b) = 7*b**3 + b**2 + 7*b + 4. Let c(l) = j(l) - 6*y(l). Let t = 3 + -9. What is c(t)?
-2
Let n(c) = c**3 - 7*c**2 - c + 10. Let x be 1/(-2)*(-2 + -7 + 5). Let r be (-120)/(-18) - x/(-6). What is n(r)?
3
Suppose 0 = 3*y - y - 24. Suppose w + w = -y. Let z(p) = -20*p**2 + 2*p - 1. Let b(k) = -7*k**2 + k. Let o(f) = 17*b(f) - 6*z(f). Give o(w).
12
